ine z(3).
-49
Let o(z) = z**3 - 40*z**2 - 3*z + 6. Determine o(0).
6
Let t(b) = -b + 8. Calculate t(-8).
16
Let b(m) = -5*m - 52. Give b(-11).
3
Let y(r) = -r**2 + 13*r - 24. Determine y(10).
6
Let w(j) = j**3 + 2*j**2 - 7*j - 5. What is w(-5)?
-45
Let c(z) = z + 21. Determine c(-27).
-6
Let y(b) = 12*b**3 + 3*b**2 + 6*b + 5. Calculate y(-1).
-10
Let m(v) = -v**3 - 8*v**2 - 7*v + 1. Give m(-5).
-39
Let k(x) = x**2 + 6*x + 7. What is k(-6)?
7
Let t(c) = 5*c**2. Calculate t(-1).
5
Let k(y) = -36*y - 144. Give k(-4).
0
Let f(q) = q**2 - q + 5. Calculate f(-4).
25
Let k(b) = b**3 - 5*b**2 - 2*b + 4. Calculate k(5).
-6
Let b(h) = -h + 4. Calculate b(8).
-4
Let l(g) = -2*g**3 - 11*g**2 + 6*g + 29. Give l(-5).
-26
Let j(l) = -22*l - 26. What is j(-5)?
84
Let r(j) = j + 6. What is r(0)?
6
Let h(x) = -21*x - 2. Give h(-1).
19
Let r(w) = w - 3. Give r(-9).
-12
Let s(i) = i**2 - 7*i + 4. Calculate s(10).
34
Let w(a) = a**3 + 15*a**2 - 3. What is w(-15)?
-3
Let c(q) = -2*q**2 - 15*q - 6. Calculate c(-6).
12
Let q(k) = 5*k - 27. What is q(-6)?
-57
Let o(p) = p**3 + p**2 - 2*p + 60. Determine o(0).
60
Let j(s) = -s. Give j(1).
-1
Let h(l) = l**3 + l**2 + 2*l. Give h(2).
16
Let s(a) = -a**2 - 6*a - 6. Calculate s(-4).
2
Let v(f) = -f**2 + 14*f + 28. Calculate v(16).
-4
Let a(l) = 2*l**3 - 2*l**2 - l - 1. Calculate a(2).
5
Let g(x) = 4*x + 9. Determine g(-9).
-27
Let r(z) = -z + 23. Give r(11).
12
Let i(o) = -o**3 + 28*o**2 + 31*o - 52. Give i(29).
6
Let k(p) = p**3 - 10*p**2 - 9*p - 6. Calculate k(11).
16
Let x(s) = s**2 + 10*s + 12. Calculate x(-8).
-4
Let k(j) = j**3 - 9*j**2 - 2*j + 8. Give k(9).
-10
Let s(a) = 5*a - 12. Give s(2).
-2
Let b(d) = -6*d + 6. Determine b(-13).
84
Let r(n) = -n**3 - 18*n**2 - 66*n - 8. Calculate r(-13).
5
Let b(t) = 4*t + 17. Give b(-5).
-3
Let s(a) = -a**3 + 7*a**2 - 4*a. Determine s(6).
12
Let o(x) = -27*x + 2. What is o(-2)?
56
Let f(c) = -36*c + 20. Calculate f(5).
-160
Let o(d) = 4*d**2 - 3*d + 2. Calculate o(1).
3
Let u(q) = -q**2 - 4*q + 2. Determine u(3).
-19
Let s(p) = p**2 - 31*p + 180. Calculate s(19).
-48
Let v(l) = l**2 - 15*l + 20. Determine v(13).
-6
Let z(v) = -v**3 + 14*v**2 - 13*v + 4. Give z(13).
4
Let h(n) = 19*n - 81. What is h(4)?
-5
Let i(r) = -r**3 - 10*r**2 - 10*r + 4. Determine i(-9).
13
Let c(g) = -7*g**2 - 36*g - 1. What is c(-5)?
4
Let d(s) = 16*s**2 - 27*s + 23. Give d(1).
12
Let p(m) = m**2 - 16*m + 60. What is p(8)?
-4
Let i(x) = 11*x**3 - 2*x**2 - x + 2. Calculate i(1).
10
Let o(j) = j - 4. Determine o(4).
0
Let s(r) = 45*r - 128. What is s(3)?
7
Let t(c) = -c**3 + c**2 - c + 6. Determine t(3).
-15
Let y(c) = -c**3 + 12*c - 5. Give y(0).
-5
Let k(a) = -18*a - 55. Give k(-4).
17
Let a(h) = h**2 + 10*h + 5. What is a(-8)?
-11
Let n(t) = t**2 - 23*t + 13. Give n(22).
-9
Let d(c) = c**3 - 13*c**2 - 13*c + 4. Determine d(14).
18
Let l(o) = -10*o + 71. Determine l(7).
1
Let s(t) = -6*t - 9. Determine s(5).
-39
Let d(o) = -4*o - 34. Give d(-7).
-6
Let g(i) = i**2 + 13*i + 19. What is g(-10)?
-11
Let n(h) = -3*h**3 - h**2 + 4. Give n(2).
-24
Let v(s) = 5*s + 79. Give v(-15).
4
Let z(h) = 2*h**3 - 3*h**2 - 3*h. Give z(3).
18
Let v(l) = 3*l + 6. Determine v(-7).
-15
Let h(o) = 3*o - 69. What is h(14)?
-27
Let p(n) = n + 4. Give p(4).
8
Let f(j) = -3*j**2 + 25*j + 3. What is f(7)?
31
Let v(n) = 15*n + 1062. Determine v(-71).
-3
Let i(y) = 56*y**3 + 2*y**2 - 1. Determine i(-1).
-55
Let m(y) = -y**2 - 13*y + 98. Give m(5).
8
Let h(z) = 4*z + 127. What is h(-32)?
-1
Let l(s) = -178*s**3 + 2*s**2 + s. Calculate l(-1).
179
Let d(p) = p**2 - 9*p - 13. Calculate d(11).
9
Let v(j) = -j**3 - 13*j**2 - j + 6. What is v(-13)?
19
Let q(k) = 2*k**3 + 2*k**2 + k - 2. Determine q(-3).
-41
Let z(b) = b + 15. Calculate z(-15).
0
Let u(f) = f + 12. What is u(6)?
18
Let v(c) = -18*c + 5. Calculate v(3).
-49
Let y(t) = -10*t**2 - 63*t + 64. Calculate y(1).
-9
Let o(f) = -3*f - 9. Give o(-3).
0
Let j(z) = -12*z + 3. Calculate j(1).
-9
Let v(m) = -7*m - 1. Determine v(-2).
13
Let a(u) = -2*u**3 + 2*u**2 - 5*u + 6. Calculate a(2).
-12
Let c(j) = 19*j - 93. Give c(5).
2
Let g(n) = -n**3 + 7*n**2 - 12. Calculate g(6).
24
Let f(d) = d**2 + 8*d - 14. Calculate f(-9).
-5
Let v(r) = -2*r + 3. Give v(7).
-11
Let n(p) = -18*p + 1. Give n(5).
-89
Let n(x) = x**3 + 9*x**2 + 12*x + 7. Determine n(-8).
-25
Let b(k) = 10*k - 139. Give b(12).
-19
Let t(q) = -2*q**2 - 55*q - 46. Give t(-27).
-19
Let c(q) = q**2 - 8*q + 6. Calculate c(5).
-9
Let o(b) = b**2 + 59*b + 244. Calculate o(-5).
-26
Let m(b) = 4*b + 3. Calculate m(-4).
-13
Let f(h) = h**2 - h - 16. Calculate f(4).
-4
Let w(d) = d**3 + 3*d**2 + 2*d - 6. Give w(2).
18
Let j(o) = 15*o + 12. Calculate j(-1).
-3
Let p(n) = n**3 - 3*n**2 - 11*n + 37. What is p(3)?
4
Let r(n) = 5*n + 25. Determine r(-6).
-5
Let b(q) = -25*q - 58. Determine b(-3).
17
Let k(w) = w**2 + w - 12. Calculate k(-4).
0
Let t(m) = -m**2 - 20*m - 18. Determine t(-19).
1
Let x(q) = -10*q + 12. Give x(15).
-138
Let l(d) = 2*d**2 - 10*d + 9. Calculate l(6).
21
Let y(h) = 10*h + 4. Determine y(-7).
-66
Let z(y) = -8*y - 43. Calculate z(-7).
13
Let w(m) = -5*m + 17. Give w(14).
-53
Let j(t) = 81*t - 1298. Give j(16).
-2
Let m(q) = 4*q**3 + 108*q**2 + q + 32. Give m(-27).
5
Let l(r) = -8*r - 15. What is l(-3)?
9
Let q(s) = -24*s + 69. Give q(7).
-99
Let w(v) = -56*v - 342. Calculate w(-6).
-6
Let a(b) = -b**3 + 10*b**2 + 22*b + 17. Calculate a(12).
-7
Let h(u) = u**2 + 7*u - 12. What is h(0)?
-12
Let o(k) = 11*k - 61. Determine o(5).
-6
Let l(d) = -d**3 + 11*d**2 - 17*d + 68. Determine l(10).
-2
Let u(h) = 8*h**2 - 61*h - 13. Give u(8).
11
Let j(a) = -a**3 + 6*a**2 - 7*a - 11. Give j(4).
-7
Let z(d) = -d**2 - 5*d - 1. What is z(-5)?
-1
Let d(b) = -b**3 + 9*b**2 + 7*b + 38. Calculate d(10).
8
Let u(t) = -t**2 - 11*t + 13. Calculate u(-10).
23
Let x(a) = 7*a**2. What is x(2)?
28
Let i(h) = h**3 - 23*h**2 + 44*h - 34. Give i(21).
8
Let r(j) = j**3 - 7*j**2 - 10*j - 2. Determine r(8).
-18
Let r(q) = 2*q**2 + 2*q + 10. Determine r(6).
94
Let y(w) = 2*w. Determine y(-2).
-4
Let j(d) = -17*d + 145. Give j(8).
9
Let t(v) = v**2 + 30*v + 29. What is t(-29)?
0
Let n(m) = 6*m**2 + 5*m - 4. Determine n(1).
7
Let w(q) = 33*q + 69. Calculate w(-2).
3
Let q(i) = i**3 + 10*i**2 - 3*i - 97. Give q(-9).
11
Let u(s) = 34*s + 173. Calculate u(-5).
3
Let p(w) = -w**3 - 54*w**2 - 103*w + 53. What is p(-52)?
1
Let o(j) = 2*j - 1. Give o(10).
19
Let h(r) = 9*r - 27. Calculate h(4).
9
Let a(b) = -b**3 - 20*b**2 - 15*b + 77. Give a(-19).
1
Let u(w) = w**3 - 6*w**2 - 14*w + 17. Determine u(7).
-32
Let y(z) = z**2 - 28*z + 18. Give y(27).
-9
Let m(n) = n**2 - 9*n. Determine m(7).
-14
Let t(i) = i**3 - 12*i**2 + 25*i + 7. Determine t(9).
-11
Let v(l) = -13*l**3 + 2*l**2 + l - 2. Give v(1).
-12
Let t(a) = a**2 + 22*a - 35. Calculate t(-22).
-35
Let v(z) = 31*z + 427. Calculate v(-14).
-7
Let y(z) = -z**2 + 2*z + 7. What is y(3)?
4
Let o(r) = r**2 - 16*r - 9. What is o(16)?
-9
Let v(c) = -c**3 - 3*c**2 + 10*c - 6. Give v(-5).
-6
Let b(l) = -l**2 - 10*l - 21. Determine b(-7).
0
Let i(u) = 2*u + 80. Give i(-25).
30
Let t(d) = -11*d**2 + 1. Determine t(1).
-10
Let m(u) = u**3 + 3*u**2 - 5*u - 7. Determine m(-5).
-32
Let q(u) = -12*u - 6. Give q(2).
-30
Let s(i) = 4*i**2 + 16*i. Give s(3).
84
Let w(b) = -5*b**2 - 4*b - 3. Determine w(-1).
-4
Let q(t) = -8*t - 1. Determine q(4).
-33
Let a(g) = 4*g**2 + 7*g + 13. Determine a(-3).
28
Let d(g) = -g**3 - 3*g**2 + 14*g + 12. Calculate d(-5).
-8
Let x(q) = -q**3 + 5*q**2 - 2*q - 32. Give x(4).
-24
Let y(u) = -2*u + 9. Determine y(5).
-1
Let a(b) = b**3 - 7*b**2 + 9*b - 15. Determine a(6).
3
Let h(m) = 4*m + 18. Calculate h(-13).
-34
Let u(q) = 15*q**2 + q - 1. Give u(1).
15
Let c(f) = -3*f**2 + 4*f - 3. Determine c(2).
-7
Let v(b) = b**2 + 19*b - 177. Calculate v(-26).
5
Let h(j) = -j**2 - 5*j + 7. Give h(-7).
-7
Let x(i) = 2*i**3 - 22*i**2 + i - 9. Give x(11).
2
Let p(i) = -4*i - 50. Determine p(0).
-50
Let m(y) = -6*y - 53. Give m(-14).
31
Let h(y) = y**3 + 10*y**2 + 10*y + 10. Give h(-9).
1
Let t(j) = -j**3 + 4*j**2 + 4*j + 1. Give t(4).
17
Let u(q) = -q**3 - 6*q**2 - q. What is u(-4)?
-28
Let o(u) = -u**2 + 11*u - 15. Determine o(10).
-5
Let y(b) = -b**2 + 8*b - 2. Determine y(9).
-11
Let c(x) = x + 29. Giv